 What are the prime factors of ((-8)/32)/(1/m)?
29
Let y(m) = m**2 - 2*m - 4. Let l be y(-2). Suppose -5*a + a - 124 = -k, -2*k = -l*a - 252. List the prime factors of k.
2
Let d(r) = 7*r**2 - 2*r + 16. Let a be d(-7). Suppose 487 + a = 10*q. List the prime factors of q.
2, 43
Suppose -1374 = -15*o + 12*o. What are the prime factors of o?
2, 229
Let c be (-1)/(-2) - (-183)/(-2). Let z be -7*(-13)/(c/6). List the prime factors of (z - -1)*(12 - 19).
5, 7
Let a = 163 + 215. List the prime factors of a.
2, 3, 7
Let y(l) = 5*l + 38. List the prime factors of y(3).
53
What are the prime factors of (-33)/12 + 3 - (-2734)/8?
2, 3, 19
Let q be (7/(-14))/(3/(-12)). List the prime factors of 39/q*(-12)/(-9).
2, 13
What are the prime factors of -27*1*(1 + -16)?
3, 5
Let s(t) = 184*t + 3. What are the prime factors of s(5)?
13, 71
Suppose 626 + 1829 = 5*u. What are the prime factors of u?
491
Let n = 3326 - 2188. List the prime factors of n.
2, 569
Let n = 29 - 40. Let k be 30/165 + 2/n. Suppose 6*r - 7*r + 27 = k. What are the prime factors of r?
3
Suppose -1080 = -270*n + 267*n. List the prime factors of n.
2, 3, 5
Let x be (4/(-2) + -3)/(-1). Suppose 4*p - 20 = -2*s, -x*s + p = -5 - 23. Suppose 4*q = s*q - 26. List the prime factors of q.
13
Let x = 26 - 15. Let f(t) = t - 10. Let q be f(x). What are the prime factors of -27*(-1)/q - 4?
23
Suppose -8 - 16 = -i. Suppose i = x + 3*h, 0 = -5*x - 3*h + h + 185. What are the prime factors of x?
3, 13
Suppose 5942 - 28 = 2*c. List the prime factors of c.
2957
Suppose 2*t + 3*t = 3945. Suppose 0 = -4*m - 5*f + t, -517 = -2*m + 3*f - 106. List the prime factors of m.
3, 67
Let l = -44 + 37. What are the prime factors of 2/l - (1 + (-783)/21)?
2, 3
Let h be 0 + ((-60)/3)/(-5). Suppose 2*l = -q + 383, 576 = -l + h*l + 3*q. List the prime factors of l.
191
Let u = 17 + -15. Let m(h) = -h**2 + 0*h + u*h**2 + 1 - 2*h. What are the prime factors of m(5)?
2
Let r = -27 + 12. Let u = 22 + r. Let h = 25 - u. List the prime factors of h.
2, 3
Suppose 2*q + 5*r = -3*q + 5, 1 = q - r. Let x be (2 + 0)/(q/2). Let t(o) = o**2 + 3*o - 5. What are the prime factors of t(x)?
23
Let t(j) = -15*j**3 + 28*j + 22*j - 2 - 53*j. Suppose 0*u + 1 = -u. List the prime factors of t(u).
2
Let b(m) = -25*m. Let i(t) = t - 1. Let k(h) = b(h) - 3*i(h). List the prime factors of k(-3).
3, 29
Let p = 25 - 13. Suppose p*t - 8*t - 36 = 0. Let w(d) = 10*d - 10. What are the prime factors of w(t)?
2, 5
Let d be 9/(-15) - (-11)/((-165)/(-1044)). What are the prime factors of (d/(-2))/(84/(-560))?
2, 5, 23
Let y = 57 - -369. What are the prime factors of y?
2, 3, 71
Let o(z) = -2*z - 26. Let m be ((-11)/44 - (-59)/(-4)) + 1. What are the prime factors of o(m)?
2
Let q(m) = 98*m. Let d be q(3). Suppose -6*v = -d - 66. What are the prime factors of v?
2, 3, 5
Suppose -4*t = 4*u + 36 + 4, u + 5*t + 22 = 0. Let h be 1*8/(-3 - u). Suppose 3*c + h*a - 130 = 0, -2*c + 0*a - 4*a = -76. List the prime factors of c.
2, 23
Let f(w) = -w**3 + 8*w**2 - w + 2. Let x be f(8). Let d be (-180)/14 - (-1)/(-7). Let t = x - d. List the prime factors of t.
7
Let g(i) = 2*i - 9. Let s be g(7). Suppose -6*o + o + u = -72, 15 = 5*u. Let w = o - s. What are the prime factors of w?
2, 5
Let z(m) = -8 - m**2 + 0*m**3 - 2*m - m**3 + 2*m**3. List the prime factors of z(5).
2, 41
Let c(v) = -v**2 + 7*v - 2. Let o = -13 + 19. Let y be c(o). What are the prime factors of (-5 - 25)*y/(-6)?
2, 5
Suppose 119 = 17*g - 102. List the prime factors of g.
13
Let u = -6333 + 10976. What are the prime factors of u?
4643
Suppose -5*n + p = -26919, -18*n + 2*p = -13*n - 26918. List the prime factors of n.
2, 673
Suppose 0*v - 3*v + 27 = 0. Let t(k) = -k**3 + 10*k**2 - 10*k + 11. Let b be t(v). List the prime factors of 1 + 66 + b + -3.
2, 3, 11
Suppose -2*f = -f - 3. Let z(i) = -6*i + 6. Let p be z(f). List the prime factors of 102*(-3 + (-40)/p).
2, 17
List the prime factors of (-1990)/(-7) + -1 + 264/(-924).
283
Let y(v) = 2*v - 9. Let l be y(8). Suppose l*d - 234 = 4*d. What are the prime factors of d?
2, 3, 13
Suppose 0 = -5*a - 10, -2*d = 2*d - a + 214. Let k be d/(-12) - (-1)/(-2). Suppose 0 = -5*j + 2*b + b + 38, 4*j - 56 = -k*b. What are the prime factors of j?
2, 5
Suppose -4*x - 16 + 48 = 0. Suppose -3*b - 235 = -x*b. What are the prime factors of b?
47
Suppose -29*h = -26119 - 2214. What are the prime factors of h?
977
Let u be (-2)/4*(-8)/2. Suppose u*t + 2*t = 56. List the prime factors of t.
2, 7
Suppose 12 = 2*m + m. Let g = m - -3. Suppose -3*c - d + 56 = 0, 3 + g = 5*d. What are the prime factors of c?
2, 3
List the prime factors of (-3276)/(-14) + (1 - -2).
3, 79
Let c(t) be the first derivative of 5*t**2 + 14*t + 3. List the prime factors of c(7).
2, 3, 7
Suppose -15 = 4*g - 3, -5*j = 5*g + 15. Suppose -2*l + 4*i + 48 = 2*i, j = -4*l - 5*i + 78. What are the prime factors of l?
2, 11
Let u be (-2)/(-6) + 1822/6. Suppose -5*v - u = -3*b, -v + 3*v = 2. List the prime factors of b.
103
Suppose 5*f - 20 = -5*v, -7*v + 2*v = -5*f - 60. Suppose l + 4*w = 272, -6*l + w = -v*l + 530. What are the prime factors of l?
2, 3, 11
Suppose 4*s = 2*c + 369 + 9, 185 = 2*s + 3*c. Suppose -2*m - 5*f - 36 = -3*f, 5*m = -f - s. Let y = -3 - m. What are the prime factors of y?
2
Let f(l) = 12*l + 3. Let g be f(2). Let q = -21 + g. Suppose 4*m - q*u = -u + 69, 3*u = 9. What are the prime factors of m?
3, 7
Suppose -4*h + 2 + 14 = 0. Suppose -2*d + 4*k + 20 = 0, -2*d + h*k = -d - 18. Suppose 3*x = 2*m + d*m + 119, -3*x - m = -109. List the prime factors of x.
37
Suppose g = 3*q - 0*q + 473, 0 = -3*g + 3*q + 1419. List the prime factors of g.
11, 43
Suppose -5*k + 2*o + 59 = -254, -2*k + 5*o = -121. Let b = k - -122. List the prime factors of b.
5, 37
Suppose -17*c = -20*c + 9. Suppose c*t - 2*j = 67, t = -3*j - 0*j + 26. What are the prime factors of t?
23
Suppose 11*p - 229 = 1377. List the prime factors of p.
2, 73
Suppose 0 = -14*x - 36*x + 2500. What are the prime factors of x?
2, 5
List the prime factors of (-4)/(-3 + 10 + -8).
2
Let w be -4*-6*(-1)/(-8). Suppose 0*f + w*f = 237. What are the prime factors of f?
79
Suppose -n - 4*u = -4971, 7398 = 2*n - 4*u - 2496. List the prime factors of n.
5, 991
Let f = 514 + -22. List the prime factors of f.
2, 3, 41
Let t(m) be the first derivative of -8*m**2 - 17*m + 14. What are the prime factors of t(-10)?
11, 13
Suppose 6*j - 4*j = -4. Let m be j - (-3 + 0 + -32). List the prime factors of 2/5 - m/(-5).
7
Suppose 5*r - 20 = 5*g + 4*r, 0 = 5*g + 3*r. Let z be 6*2*g/(-9). Suppose -z*k = 16, -4*j + 0*j + 3*k + 160 = 0. What are the prime factors of j?
37
Let p(z) = 8*z - 14. Let v be p(9). Suppose -62*x = -v*x - 484. What are the prime factors of x?
11
Let g be (-2 - -2) + (-11 - 1). Let k be (-30)/(36/(-6)*1/(-4)). List the prime factors of 5/(k/g) - -62.
5, 13
Suppose 0 = -b - 2*s + 1768, -5*s + 14 - 19 = 0. List the prime factors of b.
2, 3, 5, 59
Suppose 2*s = -10, 2*a = -2*s + 284 + 690. What are the prime factors of a?
2, 3, 41
Let n be 3 + -3 - -3 - 0. Let i(s) = 0*s**n - 1 - 14*s - s**3 + 13*s. List the prime factors of i(-2).
3
Suppose -2 = 4*t + 5*w - 57, 0 = 2*t + 5*w - 35. Suppose 0 = 6*l - t*l + 160. What are the prime factors of l?
2, 5
Suppose 4*w - 7 = 5, w - 11 = -4*c. Suppose c*z + 0*z = 0. What are the prime factors of z - (-9)/((-18)/(-28))?
2, 7
Suppose 0 = -2*w - 31 + 335. Suppose -4*i = -2*d - 350, -4*i + w = -3*d - 197. List the prime factors of i.
2, 11
Let i(x) = -8 + 12 + 11*x**2 - 8 - 2 - x**3 + 14*x. What are the prime factors of i(12)?
2, 3
Let b(k) = -k**2 - 15*k + 6. Let q be b(-15). Suppose 2 + q = 2*x. Suppose 0 = 2*o - x*o - 3*a + 37, 0 = 5*o - a - 50. List the prime factors of o.
11
Let s(x) = 15*x**2 + 11*x + 25. Let p be s(10). Suppose 447 = -11*j + p. List the prime factors of j.
2, 3
Let s be (-2 - -30)*(-7 - -3). Let o = -69 - s. What are the prime factors of o?
43
Let w = -23 + 554. List the prime factors of w.
3, 59
Suppose -9*r = -335 - 466. Let d = 138 - r. List the prime factors of d.
7
Let q be 2/1 - (5 + 1). Let w(m) = 11*m - 21. Let y(v) = -5*v + 10. Let a(t) = -3*w(t) - 5*y(t). What are the prime factors of a(q)?
3, 5
Let n(s) = -2*s**3 + 6*s**2 - 2*s - 5. Let o be n(4). Let l = -89 - o. Let q = 